 1. Let c be q(1). Suppose 3 + c = 5*r. What is the units digit of r?
6
Suppose -4*c - 25 = x - 0*x, 20 = -4*x. What is the units digit of -1 + c/(-1) + -1?
3
Let s be -3*(-1 + (-64)/3). Let l = s + -35. What is the tens digit of l?
3
Suppose g = 4*h - 267, -5*h + 294 + 42 = g. Suppose -l + 51 = -4*a + 20, 3*a = -4*l + h. What is the units digit of l?
9
Suppose 3*f = 3*l + 45, l + 25 = 4*f + 4*l. Suppose -j + f = j. Suppose 0 = i - j + 2. What is the units digit of i?
3
Let k be ((-6)/(-5))/(5/225). What is the tens digit of 1 + 5/(15/k)?
1
Let y(c) = c**2 + 9*c + 11. Let w be y(-8). Suppose 3*v + 3*z + 19 = -2*z, -14 = 2*v + 2*z. Let o = w - v. What is the units digit of o?
1
Let r(s) = -s**2 - 2*s + 8. Let f be r(-4). Suppose -17 = 5*h + 13. What is the units digit of (-1 - h) + (f - -2)?
7
Suppose -5*c + 1 = -34. Let q = 13 - c. What is the units digit of q?
6
Suppose -2*v - 3 = -3*v. Suppose -v*p + 44 = p. What is the tens digit of p?
1
Let s = 5 + -4. Let m be 0/(2/(2 - s)). Suppose m = -4*d + 5*l + 29 - 2, 4*l = 3*d - 21. What is the units digit of d?
3
Let g(s) = -s - 5. Let o be g(-7). Suppose -o*z - 2*z = 12. What is the units digit of 16 + (-6)/z + -3?
5
Suppose -4*o - 42 - 38 = -5*g, -3*g + 4*o + 40 = 0. What is the units digit of (-2)/(-5) + 312/g?
6
What is the units digit of (6/(-4))/((-8)/176)?
3
Let w(v) = 5*v - 1. Let t be w(-2). Let n = 3 + t. What is the units digit of (0 - 2)/(n/32)?
8
Let h = 3 + 3. Suppose 59 = h*l - l - 3*a, 19 = l - 3*a. What is the units digit of l?
0
Suppose 5*j = -10, 2*o + j - 29 - 3 = 0. What is the tens digit of o?
1
Suppose -w + 20 = 6*h - 2*h, -5*h = 2*w - 22. Suppose -h*j + 102 = -3*j. What is the tens digit of j?
3
Suppose -5*n - 4*h = -28, -2*n + 5*h = -0*n + 2. What is the tens digit of ((-124)/8)/(n/(-8))?
3
Let f = 95 + -21. Let a be f/14 - (-6)/(-21). Suppose 5*j = 5*q + 30, 0*j + 39 = a*j + 4*q. What is the units digit of j?
7
Let u(s) = 3*s - 15. Suppose k - 28 = -k. What is the units digit of u(k)?
7
Suppose -r + 5 = 8. What is the tens digit of (0 - r) + (8 - -2)?
1
Let k(w) = 2*w**3 + w**2 - 2*w + 1. What is the units digit of k(3)?
8
Suppose 23 = 3*q - 34. What is the units digit of q?
9
Let m(l) = -l + 6. Let q be m(6). Suppose 0 = i + 3 - q. What is the units digit of (-2 - -5) + i + 1?
1
Suppose 11*z - 1096 = 235. What is the units digit of z?
1
Suppose 4*t - 1258 = -194. What is the tens digit of t?
6
Let b(a) be the second derivative of 5*a**3/3 - 2*a**2 - 3*a. Let n be b(5). Suppose 3*l = 5*r + n, r + 1 = -4. What is the units digit of l?
7
Let q(h) = -35*h - 5. What is the tens digit of q(-3)?
0
Suppose 5*w = -0*w - 80. Let o = w - -23. What is the units digit of o?
7
Suppose 6 = 3*b - 24. Let c be (-6)/9 - (-44)/(-6). Let x = c + b. What is the units digit of x?
2
Suppose -2*n = -g - 250, 3*n - 5*g = -n + 512. What is the hundreds digit of n?
1
Let m(s) = 0 + s + 3*s - 4. Suppose -5*i - y = -0*y - 26, -3*i = -2*y - 13. What is the units digit of m(i)?
6
Suppose -3*c - 15 = 0, -5*p + 0*c - c = 0. Let n be p/2 + (-14)/(-4). Suppose -n = 4*v - 20. What is the units digit of v?
4
Suppose 0*x + 28 = p + 5*x, -3*x = -2*p - 9. Let w = 39 - 39. Suppose 5*r + 15 = c, w = p*c + r - 18 - 27. What is the units digit of c?
5
Let t be 12/9*3/(-2). Let j(s) = -5*s**2 + 5*s - 2*s + 11*s**2 + 1. What is the tens digit of j(t)?
1
Let t = -76 + 154. What is the units digit of t?
8
Suppose 2*l - 48 = -l. Suppose -j - 5*u = l, -2*j + 5*u = -4*j - 12. What is the units digit of j?
4
What is the units digit of (-6)/(4*1/(-6))?
9
Suppose 9 = 7*v - 551. What is the tens digit of v?
8
Suppose 9*k - 707 = 2*k. What is the tens digit of k?
0
Let q(s) = -2*s**2 - 2*s - 2. Let m be q(-2). Let v = -4 - m. What is the units digit of v - 0*(-1)/3?
2
Suppose 3*z + 72 = 7*z. Let p = z + -5. What is the units digit of p?
3
Suppose -2*w + 445 = 5*g - 124, w + 3*g = 287. What is the tens digit of w?
7
Let c = -4 + 29. Let t = -43 + c. What is the units digit of 2/(-9) - 112/t?
6
Let y(z) = -z**3 + 9*z**2 - z + 1. Let o be y(5). Suppose 0 = -5*f + f + o. What is the units digit of f?
4
Suppose 0 = -9*u + 4*u - 4*q + 31, 2*q = 2*u - 16. Let r = 10 - u. What is the units digit of r?
3
Let l(g) = g**2 - 6*g - 7. Let a be l(8). Suppose 3*k = 15 + a. What is the units digit of k?
8
Suppose 0 = 4*d - 5*b - 85, -4*d = 7*b - 2*b - 75. Suppose -d = -k - k. What is the units digit of k?
0
Let r = -14 + 4. Let o = r - -23. What is the tens digit of o?
1
Let w(b) = -b**3 + 17*b**2 - 19*b - 3. What is the tens digit of w(15)?
6
Let n = 18 - 5. Suppose 0 = -4*k - n + 65. Let l = k - 7. What is the units digit of l?
6
Suppose 2*q - 4*q = -2, 2*q = -3*m + 23. What is the units digit of m?
7
Let h = 62 - 28. Suppose -4*l - r - 34 = -6*l, -2*l = 4*r - h. What is the units digit of l?
7
Let s be (-4)/(-2) - 24/(-2). Let l be (-16)/7 + 4/s. What is the units digit of -2 + (l - (0 + -11))?
7
Suppose -22 = 2*a + 40. Let t = a - -57. What is the units digit of t?
6
Let d(g) = -g**2 - 14*g + 5. What is the tens digit of d(-9)?
5
Let o = -13 + 17. Let p = o + 14. What is the tens digit of p?
1
Let r(u) = 9*u**2 + 3*u + 2. What is the units digit of r(-2)?
2
Let o(h) = -h**3 + 8*h + 2*h**3 + 6 + 10*h**2 + 6. What is the tens digit of o(-9)?
2
Let x(v) = 92*v**3 - 2*v**2 + v + 1. What is the units digit of x(1)?
2
Let p be 83/(-9) - 2/(-9). Let n(m) = m**3 + 8*m**2 - 10*m - 3. What is the units digit of n(p)?
6
Let c = 30 + 13. What is the tens digit of c?
4
What is the hundreds digit of (-543)/(-4) + (-3)/8*2?
1
What is the tens digit of (-6)/(-8) - (-486)/24?
2
Let b = -20 + 160. What is the units digit of b?
0
Suppose 2*n + 8 = -4*x, -3*n = 19 - 7. Suppose x = u - 3, -3*w - u + 22 = -11. Suppose -w - 10 = -5*k. What is the units digit of k?
4
Let o(j) = -7*j**3 - 3*j**2 + 2*j + 5. Let t(s) = -s**3 - s**2 + s + 1. Let y(i) = -o(i) + 4*t(i). What is the units digit of y(1)?
3
Let i = 134 - 93. Suppose 2*p - 4*k + 5 - i = 0, -2*p = 2*k - 6. What is the units digit of 202/18 + p/(-36)?
1
Suppose -5*d = -a + 8, -5*a + 2*d - d + 88 = 0. What is the units digit of a?
8
Suppose -3*x + 113 = -43. What is the tens digit of x?
5
Suppose -l = -6*l - 20. Let g = l - -10. What is the units digit of 10/g*(-3 - -6)?
5
Suppose 0 = -3*v + 3 - 0. Suppose 4*s = 5*w - 4, 4*w - w = 2*s + 4. Let l = s - v. What is the units digit of l?
3
Suppose 3*t = -5*h + 415, 2*h = -h - 2*t + 249. What is the units digit of h?
3
Let u(y) = -y**2 - 9*y + 5. Let l = -18 + 9. Let h be u(l). Suppose 2*x + 4*r - 12 - 2 = 0, -3*x = h*r - 25. What is the units digit of x?
5
Suppose -c + 4*z + 2 = 18, -28 = 3*c - 2*z. Let j = -3 - c. What is the units digit of j?
5
Let u(h) = 2*h - h + 5*h + 2 - 3. What is the units digit of u(4)?
3
Let c = 132 + -79. Suppose -12 = 3*x - 7*x, 4*n - 5*x = c. What is the tens digit of n?
1
Let x = 22 + 5. What is the tens digit of (-6)/x - (-418)/18?
2
Let i(q) = -q + 6. Let a = 1 + 0. Let n = a - -2. What is the units digit of i(n)?
3
Suppose -5*y = -267 - 63. Let u be y/12*1*2. What is the units digit of 0 + (u - (2 - 1))?
0
Suppose -l = 3*r + l - 28, 0 = -r + 4*l. What is the units digit of r?
8
Let y be 1/((8/6)/(-4)). Let c be (20/(-16))/(y/12). Suppose -c*u + 15 = -2*u. What is the units digit of u?
5
Suppose 0 = -r + 2*r - 3. Let t be (3/9*r)/(-1). What is the units digit of t*(0 + 3/(-3))?
1
Let r = 14 + -7. Let a(s) = 0*s**2 - s**2 + 0 - 5 + 10*s. What is the units digit of a(r)?
6
What is the units digit of (0 - 82)/(8/(-16) + 0)?
4
Suppose 12*k = 14*k - 402. What is the tens digit of k?
0
Suppose 6*l = -3*v + 7*l + 195, 0 = 3*v - 5*l - 195. What is the tens digit of v?
6
Let r = 60 + -34. What is the units digit of r?
6
Let d = 859 - 441. What is the hundreds digit of d?
4
Let p(i) = i**2 + 7*i + 5. Suppose 0 = -2*m + 7*m - 200. Suppose 3*r - 30 = 4*h + 2*r, 4*h + 4*r = -m. What is the tens digit of p(h)?
1
Suppose -h = 5*w - 2*h - 343, 77 = w + 4*h. What is the tens digit of w?
6
Let v(u) = u - 2. Let n be v(6). Suppose 2*j = -n + 18. Let g = -4 + j. What is the units digit of g?
3
Let o = 2 - -13. Let w = o + -11. What is the units digit of w?
4
Let b(j) = j**3 - 6*j**2 - 4*j - 7. Let n be b(7). Let v = -2 - -8. Let h = n - v. Wha